{"id":156,"date":"2015-07-16T09:12:51","date_gmt":"2015-07-16T09:12:51","guid":{"rendered":"http:\/\/test.kriesi.at\/minimal-portfolio\/?page_id=156"},"modified":"2025-06-17T08:42:16","modified_gmt":"2025-06-17T08:42:16","slug":"contact","status":"publish","type":"page","link":"https:\/\/vacancie.net\/index.php\/contact\/","title":{"rendered":"Ota yhteytt\u00e4"},"content":{"rendered":"\n<style type=\"text\/css\" data-created_by=\"avia_inline_auto\" id=\"style-css-av-4xupt0-85f381fa499a0fe76ec03fc7dfb7e116\">\n.avia-section.av-4xupt0-85f381fa499a0fe76ec03fc7dfb7e116{\nbackground-repeat:no-repeat;\nbackground-image:url(https:\/\/vacancie.net\/wp-content\/uploads\/2015\/07\/luxurious-bedroom-m.jpg);\nbackground-position:50% 50%;\nbackground-attachment:scroll;\n}\n<\/style>\n<div id='av_section_1'  class='avia-section av-4xupt0-85f381fa499a0fe76ec03fc7dfb7e116 main_color avia-section-no-padding avia-no-border-styling  avia-builder-el-0  el_before_av_section  avia-builder-el-first  avia-full-stretch avia-bg-style-scroll container_wrap fullsize'  data-section-bg-repeat='stretch'><div class='container av-section-cont-open' ><main  role=\"main\" itemprop=\"mainContentOfPage\"  class='template-page content  av-content-full alpha units'><div class='post-entry post-entry-type-page post-entry-156'><div class='entry-content-wrapper clearfix'>\n\n<style type=\"text\/css\" data-created_by=\"avia_inline_auto\" id=\"style-css-av-4r0lgs-10d9f1a106509b509b3750f292c4f429\">\n#top .hr.hr-invisible.av-4r0lgs-10d9f1a106509b509b3750f292c4f429{\nheight:20px;\n}\n<\/style>\n<div  class='hr av-4r0lgs-10d9f1a106509b509b3750f292c4f429 hr-invisible  avia-builder-el-1  el_before_av_one_full  avia-builder-el-first '><span class='hr-inner '><span class=\"hr-inner-style\"><\/span><\/span><\/div>\n\n<style type=\"text\/css\" data-created_by=\"avia_inline_auto\" id=\"style-css-av-4juu58-37da731c1893604f72ea3d1c23935b54\">\n.flex_column.av-4juu58-37da731c1893604f72ea3d1c23935b54{\nborder-radius:0px 0px 0px 0px;\npadding:50px 50px 50px 50px;\nbackground-color:rgba(255,255,255,0.6);\n}\n<\/style>\n<div  class='flex_column av-4juu58-37da731c1893604f72ea3d1c23935b54 av_one_full  avia-builder-el-2  el_after_av_hr  avia-builder-el-last  first flex_column_div av-animated-generic bottom-to-top avia-full-stretch  '     ><p><form action=\"https:\/\/vacancie.net\/index.php\/contact\/\" method=\"post\" data-fields-with-error=\"Found errors in the following field(s):\" class=\"avia_ajax_form av-form-labels-hidden   avia-builder-el-3  el_before_av_hr  avia-builder-el-first   \" data-avia-form-id=\"1\" data-avia-redirect=''  aria-label='Contact Form' ><fieldset><p class='  first_form  form_element form_element_third' id='element_avia_1_1'><label for=\"avia_1_1\">Nimi <abbr class=\"required\" title=\"required\">*<\/abbr><\/label> <input name=\"avia_1_1\" class=\"text_input is_empty\" type=\"text\" id=\"avia_1_1\" value=\"\"  placeholder='Nimi*'\/><\/p><p class='  form_element form_element_third' id='element_avia_2_1'><label for=\"avia_2_1\">S\u00e4hk\u00f6posti <abbr class=\"required\" title=\"required\">*<\/abbr><\/label> <input name=\"avia_2_1\" class=\"text_input is_email\" type=\"text\" id=\"avia_2_1\" value=\"\"  placeholder='S\u00e4hk\u00f6posti*'\/><\/p><p class='  form_element form_element_third' id='element_avia_3_1'><label for=\"avia_3_1\">Aihe <abbr class=\"required\" title=\"required\">*<\/abbr><\/label> <input name=\"avia_3_1\" class=\"text_input is_empty\" type=\"text\" id=\"avia_3_1\" value=\"\"  placeholder='Aihe*'\/><\/p><p class='  first_form  form_element form_element_half' id='element_avia_4_1'><label for=\"avia_4_1\">Saapumisp\u00e4iv\u00e4 <abbr class=\"required\" title=\"required\">*<\/abbr><\/label> <input name=\"avia_4_1\" class=\"avia_datepicker text_input is_empty\" type=\"text\" id=\"avia_4_1\" value=\"\" placeholder=\"Saapumisp\u00e4iv\u00e4*\" inputmode=\"none\" \/><\/p><p class='  form_element form_element_half' id='element_avia_5_1'><label for=\"avia_5_1\">L\u00e4ht\u00f6p\u00e4iv\u00e4 <abbr class=\"required\" title=\"required\">*<\/abbr><\/label> <input name=\"avia_5_1\" class=\"avia_datepicker text_input is_empty\" type=\"text\" id=\"avia_5_1\" value=\"\" placeholder=\"L\u00e4ht\u00f6p\u00e4iv\u00e4*\" inputmode=\"none\" \/><\/p><p class='  first_form  form_element form_element_half' id='element_avia_6_1'><label for=\"avia_6_1\">Henkil\u00f6m\u00e4\u00e4r\u00e4 <abbr class=\"required\" title=\"required\">*<\/abbr><\/label><select  name=\"avia_6_1\" class=\"select is_empty\" id=\"avia_6_1\"><option class=\"av-placeholder\" disabled=\"disabled\" selected=\"selected\" value=''>Henkil\u00f6m\u00e4\u00e4r\u00e4*<\/option><option   value='1'>1<\/option><option   value='2'>2<\/option><option   value='3'>3<\/option><option   value='4'>4<\/option><option   value='5'>5<\/option><option   value='6'>6<\/option><option   value='7'>7<\/option><option   value='8'>8<\/option><option   value='9'>9<\/option><option   value='10'>10<\/option><option   value='11'>11<\/option><option   value='12'>12<\/option><\/select><\/p><p class='  form_element form_element_half' id='element_avia_7_1'><label for=\"avia_7_1\">Makuuhuoneiden m\u00e4\u00e4r\u00e4 <abbr class=\"required\" title=\"required\">*<\/abbr><\/label><select  name=\"avia_7_1\" class=\"select is_empty\" id=\"avia_7_1\"><option class=\"av-placeholder\" disabled=\"disabled\" selected=\"selected\" value=''>Makuuhuoneiden m\u00e4\u00e4r\u00e4*<\/option><option   value='1'>1<\/option><option   value='2'>2<\/option><option   value='3'>3<\/option><option   value='4'>4<\/option><option   value='5'>5<\/option><option   value='6'>6<\/option><option   value='7'>7<\/option><option   value='8'>8<\/option><option   value='9'>9<\/option><option   value='10'>10<\/option><option   value='11'>11<\/option><option   value='12'>12<\/option><\/select><\/p><p class='  first_form  form_element form_fullwidth av-last-visible-form-element' id='element_avia_8_1'><label for=\"avia_8_1\" class=\"textare_label hidden textare_label_avia_8_1\">Lis\u00e4tietoja \/ kysymyksi\u00e4 <abbr class=\"required\" title=\"required\">*<\/abbr><\/label><textarea  placeholder='Lis\u00e4tietoja \/ kysymyksi\u00e4*' name=\"avia_8_1\" class=\"text_area is_empty\" cols=\"40\" rows=\"7\" id=\"avia_8_1\" ><\/textarea><\/p><p class=\"hidden\"><input type=\"text\" name=\"avia_9_1\" class=\"hidden \" id=\"avia_9_1\" value=\"\" \/><\/p><p class=\"form_element \"><input type=\"hidden\" value=\"1\" name=\"avia_generated_form1\" \/><input type=\"submit\" value=\"L\u00c4HET\u00c4\" class=\"button\"  data-sending-label=\"Sending\"\/><\/p><\/fieldset><\/form><div id=\"ajaxresponse_1\" class=\"ajaxresponse ajaxresponse_1 hidden\"><\/div><br \/>\n\n<style type=\"text\/css\" data-created_by=\"avia_inline_auto\" id=\"style-css-av-2wnop0-f276b212a8c7bc6764027702f20f88ee\">\n#top .hr.hr-invisible.av-2wnop0-f276b212a8c7bc6764027702f20f88ee{\nheight:60px;\n}\n<\/style>\n<div  class='hr av-2wnop0-f276b212a8c7bc6764027702f20f88ee hr-invisible  avia-builder-el-4  el_after_av_contact  avia-builder-el-last '><span class='hr-inner '><span class=\"hr-inner-style\"><\/span><\/span><\/div><\/p><\/div>\n\n<\/div><\/div><\/main><!-- close content main element --><\/div><\/div>\n<style type=\"text\/css\" data-created_by=\"avia_inline_auto\" id=\"style-css-av-2sv410-1e442c4405a9a3c8d685ff7df9162f46\">\n.avia-section.av-2sv410-1e442c4405a9a3c8d685ff7df9162f46{\nbackground-repeat:no-repeat;\nbackground-image:url(https:\/\/vacancie.net\/wp-content\/uploads\/2015\/07\/ornament-bg-top-small-1.png);\nbackground-position:50% 0%;\nbackground-attachment:scroll;\n}\n<\/style>\n<div id='av_section_2'  class='avia-section av-2sv410-1e442c4405a9a3c8d685ff7df9162f46 main_color avia-section-huge avia-no-border-styling  avia-builder-el-5  el_after_av_section  avia-builder-el-last  avia-full-contain avia-bg-style-scroll container_wrap fullsize'  data-section-bg-repeat='contain'><div class='container av-section-cont-open' ><div class='template-page content  av-content-full alpha units'><div class='post-entry post-entry-type-page post-entry-156'><div class='entry-content-wrapper clearfix'>\n\n<style type=\"text\/css\" data-created_by=\"avia_inline_auto\" id=\"style-css-av-9d1lw-e568d0d1a3e9736c0963cdc7695db5b0\">\n#top .flex_column.av-9d1lw-e568d0d1a3e9736c0963cdc7695db5b0{\nmargin-top:-200px;\nmargin-bottom:0px;\n}\n.flex_column.av-9d1lw-e568d0d1a3e9736c0963cdc7695db5b0{\nborder-radius:0px 0px 0px 0px;\npadding:30px 30px 30px 30px;\nbackground-color:#ffffff;\n}\n.responsive #top #wrap_all .flex_column.av-9d1lw-e568d0d1a3e9736c0963cdc7695db5b0{\nmargin-top:-200px;\nmargin-bottom:0px;\n}\n<\/style>\n<div  class='flex_column av-9d1lw-e568d0d1a3e9736c0963cdc7695db5b0 av_one_full  avia-builder-el-6  el_before_av_hr  avia-builder-el-first  first flex_column_div  '     ><p>\n<style type=\"text\/css\" data-created_by=\"avia_inline_auto\" id=\"style-css-av-2gs17w-efe54b7f0ec38de644a9652f2af40702\">\n#top .av-special-heading.av-2gs17w-efe54b7f0ec38de644a9652f2af40702{\npadding-bottom:20px;\n}\nbody .av-special-heading.av-2gs17w-efe54b7f0ec38de644a9652f2af40702 .av-special-heading-tag .heading-char{\nfont-size:25px;\n}\n.av-special-heading.av-2gs17w-efe54b7f0ec38de644a9652f2af40702 .av-subheading{\nfont-size:15px;\n}\n<\/style>\n<div  class='av-special-heading av-2gs17w-efe54b7f0ec38de644a9652f2af40702 av-special-heading-h1 blockquote modern-quote modern-centered  avia-builder-el-7  el_before_av_hr  avia-builder-el-first '><h1 class='av-special-heading-tag '  itemprop=\"headline\"  >Etk\u00f6 tied\u00e4, mink\u00e4 kohteen haluat varata?<br \/>Ota yhteytt\u00e4!<\/h1><div class=\"special-heading-border\"><div class=\"special-heading-inner-border\"><\/div><\/div><\/div><br \/>\n<div  class='hr av-91u24-95259a8602a4385cc0b4571fee047abb hr-default  avia-builder-el-8  el_after_av_heading  avia-builder-el-last '><span class='hr-inner '><span class=\"hr-inner-style\"><\/span><\/span><\/div><\/p><\/div>\n<style type=\"text\/css\" data-created_by=\"avia_inline_auto\" id=\"style-css-av-2a8bvo-4598d2f63cf3c25beda0a3d7bd65993d\">\n#top .hr.av-2a8bvo-4598d2f63cf3c25beda0a3d7bd65993d{\nmargin-top:0px;\nmargin-bottom:70px;\n}\n.hr.av-2a8bvo-4598d2f63cf3c25beda0a3d7bd65993d .hr-inner{\nwidth:50px;\nborder-color:#f8f8f8;\nmax-width:45%;\n}\n.hr.av-2a8bvo-4598d2f63cf3c25beda0a3d7bd65993d .av-seperator-icon{\ncolor:#e5c80c;\n}\n.hr.av-2a8bvo-4598d2f63cf3c25beda0a3d7bd65993d .av-seperator-icon.avia-svg-icon svg:first-child{\nfill:#e5c80c;\nstroke:#e5c80c;\n}\n<\/style>\n<div  class='hr av-2a8bvo-4598d2f63cf3c25beda0a3d7bd65993d hr-custom  avia-builder-el-9  el_after_av_one_full  el_before_av_three_fifth  hr-center hr-icon-yes'><span class='hr-inner inner-border-av-border-fat'><span class=\"hr-inner-style\"><\/span><\/span><span class='av-seperator-icon avia-iconfont avia-font-entypo-fontello' data-av_icon='\ue8ce' data-av_iconfont='entypo-fontello' ><\/span><span class='hr-inner inner-border-av-border-fat'><span class=\"hr-inner-style\"><\/span><\/span><\/div>\n\n<style type=\"text\/css\" data-created_by=\"avia_inline_auto\" id=\"style-css-av-1se6lg-a1081d990b1db7c6dd51e785d7909012\">\n.flex_column.av-1se6lg-a1081d990b1db7c6dd51e785d7909012{\nborder-radius:0px 0px 0px 0px;\npadding:0px 0px 0px 0px;\n}\n<\/style>\n<div  class='flex_column av-1se6lg-a1081d990b1db7c6dd51e785d7909012 av_three_fifth  avia-builder-el-10  el_after_av_hr  el_before_av_two_fifth  first flex_column_div av-animated-generic bottom-to-top av-zero-column-padding  '     ><style type=\"text\/css\" data-created_by=\"avia_inline_auto\" id=\"style-css-av-mb6az1q1-fb4d42a092ef925ea7269496a84177ca\">\n.avia-image-container.av-mb6az1q1-fb4d42a092ef925ea7269496a84177ca img.avia_image{\nbox-shadow:none;\n}\n.avia-image-container.av-mb6az1q1-fb4d42a092ef925ea7269496a84177ca .av-image-caption-overlay-center{\ncolor:#ffffff;\n}\n<\/style>\n<div  class='avia-image-container av-mb6az1q1-fb4d42a092ef925ea7269496a84177ca av-styling- avia_animated_image av-animated-when-visible-95 bottom-to-top avia-align-center  avia-builder-el-11  avia-builder-el-no-sibling '   itemprop=\"image\" itemscope=\"itemscope\" itemtype=\"https:\/\/schema.org\/ImageObject\" ><div class=\"avia-image-container-inner\"><div class=\"avia-image-overlay-wrap\"><img decoding=\"async\" fetchpriority=\"high\" class='wp-image-752 avia-img-lazy-loading-not-752 avia_image ' src=\"https:\/\/vacancie.net\/wp-content\/uploads\/2025\/05\/Kuvitus-villa-900mm.jpg\" alt='' title=''  height=\"900\" width=\"900\"  itemprop=\"thumbnailUrl\" srcset=\"https:\/\/vacancie.net\/wp-content\/uploads\/2025\/05\/Kuvitus-villa-900mm.jpg 900w, https:\/\/vacancie.net\/wp-content\/uploads\/2025\/05\/Kuvitus-villa-900mm-300x300.jpg 300w, https:\/\/vacancie.net\/wp-content\/uploads\/2025\/05\/Kuvitus-villa-900mm-80x80.jpg 80w, https:\/\/vacancie.net\/wp-content\/uploads\/2025\/05\/Kuvitus-villa-900mm-768x768.jpg 768w, https:\/\/vacancie.net\/wp-content\/uploads\/2025\/05\/Kuvitus-villa-900mm-36x36.jpg 36w, https:\/\/vacancie.net\/wp-content\/uploads\/2025\/05\/Kuvitus-villa-900mm-180x180.jpg 180w, https:\/\/vacancie.net\/wp-content\/uploads\/2025\/05\/Kuvitus-villa-900mm-705x705.jpg 705w, https:\/\/vacancie.net\/wp-content\/uploads\/2025\/05\/Kuvitus-villa-900mm-120x120.jpg 120w, https:\/\/vacancie.net\/wp-content\/uploads\/2025\/05\/Kuvitus-villa-900mm-450x450.jpg 450w, https:\/\/vacancie.net\/wp-content\/uploads\/2025\/05\/Kuvitus-villa-900mm-600x600.jpg 600w, https:\/\/vacancie.net\/wp-content\/uploads\/2025\/05\/Kuvitus-villa-900mm-100x100.jpg 100w\" sizes=\"(max-width: 900px) 100vw, 900px\" \/><\/div><\/div><\/div><\/div>\n<style type=\"text\/css\" data-created_by=\"avia_inline_auto\" id=\"style-css-av-23az10-4efc652836090e56117234beae57334c\">\n.flex_column.av-23az10-4efc652836090e56117234beae57334c{\nborder-radius:0px 0px 0px 0px;\npadding:0px 0px 0px 0px;\n}\n<\/style>\n<div  class='flex_column av-23az10-4efc652836090e56117234beae57334c av_two_fifth  avia-builder-el-12  el_after_av_three_fifth  avia-builder-el-last  flex_column_div av-animated-generic bottom-to-top av-zero-column-padding  '     ><p><section  class='av_textblock_section av-1xa02k-2e060aa7af16b239cdfe89554ae344a3 '   itemscope=\"itemscope\" itemtype=\"https:\/\/schema.org\/CreativeWork\" ><div class='avia_textblock'  itemprop=\"text\" ><p>Me autamme sinua l\u00f6yt\u00e4m\u00e4\u00e4n juuri sinulle sopivan lomakohteen \u2013 olipa haaveissasi rentouttava rantaviikko, aktiivinen luontoloma tai ylellinen lomahuoneisto Euroopan syd\u00e4mess\u00e4.<\/p>\n<p>Kerro toiveesi \u2013 me ehdotamme vaihtoehtoja ja teemme varaamisesta helppoa ja huolettomaa.<\/p>\n<\/div><\/section><br \/>\n\n<style type=\"text\/css\" data-created_by=\"avia_inline_auto\" id=\"style-css-av-mb6b5ran-b694a12b605383f17ba2972693824490\">\n#top .hr.hr-invisible.av-mb6b5ran-b694a12b605383f17ba2972693824490{\nheight:10px;\n}\n<\/style>\n<div  class='hr av-mb6b5ran-b694a12b605383f17ba2972693824490 hr-invisible  avia-builder-el-14  el_after_av_textblock  el_before_av_image '><span class='hr-inner '><span class=\"hr-inner-style\"><\/span><\/span><\/div><br \/>\n\n<style type=\"text\/css\" data-created_by=\"avia_inline_auto\" id=\"style-css-av-mb6b0w5m-3730dbcf7a4591a90000e565ead6db41\">\n.avia-image-container.av-mb6b0w5m-3730dbcf7a4591a90000e565ead6db41 img.avia_image{\nbox-shadow:none;\n}\n.avia-image-container.av-mb6b0w5m-3730dbcf7a4591a90000e565ead6db41 .av-image-caption-overlay-center{\ncolor:#ffffff;\n}\n<\/style>\n<div  class='avia-image-container av-mb6b0w5m-3730dbcf7a4591a90000e565ead6db41 av-styling- avia-align-left  avia-builder-el-15  el_after_av_hr  el_before_av_hr '   itemprop=\"image\" itemscope=\"itemscope\" itemtype=\"https:\/\/schema.org\/ImageObject\" ><div class=\"avia-image-container-inner\"><div class=\"avia-image-overlay-wrap\"><img decoding=\"async\" fetchpriority=\"high\" class='wp-image-748 avia-img-lazy-loading-not-748 avia_image ' src=\"https:\/\/vacancie.net\/wp-content\/uploads\/2025\/05\/Allekirjoitus-190.png\" alt='' title='Allekirjoitus-190'  height=\"131\" width=\"190\"  itemprop=\"thumbnailUrl\"  \/><\/div><\/div><\/div><br \/>\n\n<style type=\"text\/css\" data-created_by=\"avia_inline_auto\" id=\"style-css-av-b0bv8-2bc06a17f901bc5b8afd2c85782c8cca\">\n#top .hr.hr-invisible.av-b0bv8-2bc06a17f901bc5b8afd2c85782c8cca{\nheight:10px;\n}\n<\/style>\n<div  class='hr av-b0bv8-2bc06a17f901bc5b8afd2c85782c8cca hr-invisible  avia-builder-el-16  el_after_av_image  el_before_av_textblock '><span class='hr-inner '><span class=\"hr-inner-style\"><\/span><\/span><\/div><br \/>\n<section  class='av_textblock_section av-mb6bbd8z-313e63875c1924284b170b6643fdf49a '   itemscope=\"itemscope\" itemtype=\"https:\/\/schema.org\/CreativeWork\" ><div class='avia_textblock'  itemprop=\"text\" ><p><strong>Pyyd\u00e4 maksuton arvio &#8211; ota yhteytt\u00e4 jo t\u00e4n\u00e4\u00e4n ja pyyd\u00e4 SEO-analyysi kohteesi myyntimahdollisuuksista!<\/strong><\/p>\n<\/div><\/section><\/p><\/div>\n","protected":false},"excerpt":{"rendered":"","protected":false},"author":1,"featured_media":0,"parent":0,"menu_order":0,"comment_status":"open","ping_status":"open","template":"","meta":{"footnotes":""},"class_list":["post-156","page","type-page","status-publish","hentry"],"_links":{"self":[{"href":"https:\/\/vacancie.net\/index.php\/wp-json\/wp\/v2\/pages\/156","targetHints":{"allow":["GET"]}}],"collection":[{"href":"https:\/\/vacancie.net\/index.php\/wp-json\/wp\/v2\/pages"}],"about":[{"href":"https:\/\/vacancie.net\/index.php\/wp-json\/wp\/v2\/types\/page"}],"author":[{"embeddable":true,"href":"https:\/\/vacancie.net\/index.php\/wp-json\/wp\/v2\/users\/1"}],"replies":[{"embeddable":true,"href":"https:\/\/vacancie.net\/index.php\/wp-json\/wp\/v2\/comments?post=156"}],"version-history":[{"count":15,"href":"https:\/\/vacancie.net\/index.php\/wp-json\/wp\/v2\/pages\/156\/revisions"}],"predecessor-version":[{"id":788,"href":"https:\/\/vacancie.net\/index.php\/wp-json\/wp\/v2\/pages\/156\/revisions\/788"}],"wp:attachment":[{"href":"https:\/\/vacancie.net\/index.php\/wp-json\/wp\/v2\/media?parent=156"}],"curies":[{"name":"wp","href":"https:\/\/api.w.org\/{rel}","templated":true}]}}